{"id":22,"date":"2020-02-29T14:54:21","date_gmt":"2020-02-29T14:54:21","guid":{"rendered":"http:\/\/fahrschulerink.de\/?page_id=22"},"modified":"2024-01-18T08:59:42","modified_gmt":"2024-01-18T08:59:42","slug":"fahrlehrer","status":"publish","type":"page","link":"https:\/\/fahrschulerink.de\/?page_id=22","title":{"rendered":"Das Fahrschul Team"},"content":{"rendered":"\n<figure class=\"wp-block-gallery aligncenter has-nested-images columns-default wp-block-gallery-1 is-layout-flex wp-block-gallery-is-layout-flex\"><div class=\"wp-block-image\">\n<figure class=\"aligncenter size-large\"><img loading=\"lazy\" decoding=\"async\" width=\"313\" height=\"291\" data-id=\"262\" src=\"https:\/\/fahrschulerink.de\/wp-content\/uploads\/2020\/03\/Basti_neu.jpg\" alt=\"\" class=\"wp-image-262\" srcset=\"https:\/\/fahrschulerink.de\/wp-content\/uploads\/2020\/03\/Basti_neu.jpg 313w, https:\/\/fahrschulerink.de\/wp-content\/uploads\/2020\/03\/Basti_neu-300x279.jpg 300w\" sizes=\"auto, (max-width: 313px) 100vw, 313px\" \/><\/figure>\n<\/div><\/figure>\n\n\n\n<p class=\"has-text-align-center has-text-color has-medium-font-size\" style=\"color:#edff21\"> <strong>Sebastian &#8222;Basti&#8220; Rink<\/strong><\/p>\n\n\n\n<p style=\"color:#edff21\" class=\"has-text-color has-text-align-center\">Breidenbach <br>Gesch\u00e4ftsinhaber<br>Fahrlehrer f\u00fcr: L, A, B, BE<br>Seminarleiter f\u00fcr ASF+FES <\/p><br><br>\n\n\n\n<figure class=\"wp-block-gallery aligncenter has-nested-images columns-default wp-block-gallery-2 is-layout-flex wp-block-gallery-is-layout-flex\"><div class=\"wp-block-image\">\n<figure class=\"aligncenter size-large\"><img loading=\"lazy\" decoding=\"async\" width=\"313\" height=\"291\" data-id=\"263\" src=\"https:\/\/fahrschulerink.de\/wp-content\/uploads\/2020\/03\/Siggi_neu.jpg\" alt=\"\" class=\"wp-image-263\" srcset=\"https:\/\/fahrschulerink.de\/wp-content\/uploads\/2020\/03\/Siggi_neu.jpg 313w, https:\/\/fahrschulerink.de\/wp-content\/uploads\/2020\/03\/Siggi_neu-300x279.jpg 300w\" sizes=\"auto, (max-width: 313px) 100vw, 313px\" \/><\/figure>\n<\/div><\/figure>\n\n\n\n<p class=\"has-text-align-center has-text-color has-medium-font-size\" style=\"color:#edff21\"> <strong>Siegfried &#8222;Sigi&#8220; Rink<\/strong><\/p>\n\n\n\n<p style=\"color:#edff21\" class=\"has-text-color has-text-align-center\">Bad Laasphe<br>Fahrlehrer aller Klassen<br>Seminarleiter f\u00fcr Berufskraftfahrerweiterbildung <\/p><br><br>\n\n\n<div class=\"wp-block-image aligncenter columns-1\">\n<figure class=\"size-medium\"><img loading=\"lazy\" decoding=\"async\" width=\"300\" height=\"283\" src=\"https:\/\/fahrschulerink.de\/wp-content\/uploads\/2021\/12\/Cesi1-300x283.jpg\" alt=\"\" class=\"wp-image-609\" srcset=\"https:\/\/fahrschulerink.de\/wp-content\/uploads\/2021\/12\/Cesi1-300x283.jpg 300w, https:\/\/fahrschulerink.de\/wp-content\/uploads\/2021\/12\/Cesi1-380x360.jpg 380w, https:\/\/fahrschulerink.de\/wp-content\/uploads\/2021\/12\/Cesi1.jpg 640w\" sizes=\"auto, (max-width: 300px) 100vw, 300px\" \/><\/figure>\n<\/div>\n\n\n<p class=\"has-text-align-center has-text-color has-medium-font-size\" style=\"color:#edff21\"> <strong>Cathleen &#8222;Cesi&#8220; Rink<\/strong><\/p>\n\n\n\n<p style=\"color:#edff21\" class=\"has-text-align-center\">Breidenbach<br>B\u00fcrokraft <\/p><br><br>\n\n\n\n<figure class=\"wp-block-gallery aligncenter has-nested-images columns-default wp-block-gallery-3 is-layout-flex wp-block-gallery-is-layout-flex\"><div class=\"wp-block-image\">\n<figure class=\"aligncenter size-large\"><img loading=\"lazy\" decoding=\"async\" width=\"313\" height=\"291\" data-id=\"224\" src=\"https:\/\/fahrschulerink.de\/wp-content\/uploads\/2020\/03\/klaus_w.jpg\" alt=\"\" class=\"wp-image-224\" srcset=\"https:\/\/fahrschulerink.de\/wp-content\/uploads\/2020\/03\/klaus_w.jpg 313w, https:\/\/fahrschulerink.de\/wp-content\/uploads\/2020\/03\/klaus_w-300x279.jpg 300w\" sizes=\"auto, (max-width: 313px) 100vw, 313px\" \/><\/figure>\n<\/div><\/figure>\n\n\n\n<p class=\"has-text-align-center has-text-color has-medium-font-size\" style=\"color:#edff21\"> <strong>Klaus Wolf<\/strong><\/p>\n\n\n\n<div class=\"wp-block-group\"><div class=\"wp-block-group__inner-container is-layout-flow wp-block-group-is-layout-flow\">\n<p style=\"color:#edff21\" class=\"has-text-align-center\">Kombach<br>Fahrlehrer aller Klassen <\/p><br><br>\n<\/div><\/div>\n\n\n\n<figure class=\"wp-block-gallery aligncenter has-nested-images columns-default wp-block-gallery-4 is-layout-flex wp-block-gallery-is-layout-flex\"><div class=\"wp-block-image\">\n<figure class=\"aligncenter size-large\"><img loading=\"lazy\" decoding=\"async\" width=\"313\" height=\"291\" data-id=\"230\" src=\"https:\/\/fahrschulerink.de\/wp-content\/uploads\/2020\/03\/klaus_asd.jpg\" alt=\"\" class=\"wp-image-230\" srcset=\"https:\/\/fahrschulerink.de\/wp-content\/uploads\/2020\/03\/klaus_asd.jpg 313w, https:\/\/fahrschulerink.de\/wp-content\/uploads\/2020\/03\/klaus_asd-300x279.jpg 300w\" sizes=\"auto, (max-width: 313px) 100vw, 313px\" \/><\/figure>\n<\/div><\/figure>\n\n\n\n<p class=\"has-text-align-center has-text-color has-medium-font-size\" style=\"color:#edff21\"> <strong>Klaus Ludwig<\/strong><\/p>\n\n\n\n<p class=\"has-text-align-center has-text-color\" style=\"color:#edff21\">Breidenbach<br>Fahrlehrer aller Klassen <\/p>\n","protected":false},"excerpt":{"rendered":"<p>Sebastian &#8222;Basti&#8220; Rink Breidenbach Gesch\u00e4ftsinhaberFahrlehrer f\u00fcr: L, A, B, BESeminarleiter f\u00fcr ASF+FES Siegfried &#8222;Sigi&#8220; Rink Bad LaaspheFahrlehrer aller KlassenSeminarleiter f\u00fcr Berufskraftfahrerweiterbildung Cathleen &#8222;Cesi&#8220; Rink BreidenbachB\u00fcrokraft Klaus Wolf KombachFahrlehrer aller Klassen &hellip;<\/p>\n","protected":false},"author":1,"featured_media":0,"parent":0,"menu_order":0,"comment_status":"closed","ping_status":"closed","template":"","meta":{"footnotes":""},"class_list":["post-22","page","type-page","status-publish","hentry"],"_links":{"self":[{"href":"https:\/\/fahrschulerink.de\/index.php?rest_route=\/wp\/v2\/pages\/22","targetHints":{"allow":["GET"]}}],"collection":[{"href":"https:\/\/fahrschulerink.de\/index.php?rest_route=\/wp\/v2\/pages"}],"about":[{"href":"https:\/\/fahrschulerink.de\/index.php?rest_route=\/wp\/v2\/types\/page"}],"author":[{"embeddable":true,"href":"https:\/\/fahrschulerink.de\/index.php?rest_route=\/wp\/v2\/users\/1"}],"replies":[{"embeddable":true,"href":"https:\/\/fahrschulerink.de\/index.php?rest_route=%2Fwp%2Fv2%2Fcomments&post=22"}],"version-history":[{"count":16,"href":"https:\/\/fahrschulerink.de\/index.php?rest_route=\/wp\/v2\/pages\/22\/revisions"}],"predecessor-version":[{"id":681,"href":"https:\/\/fahrschulerink.de\/index.php?rest_route=\/wp\/v2\/pages\/22\/revisions\/681"}],"wp:attachment":[{"href":"https:\/\/fahrschulerink.de\/index.php?rest_route=%2Fwp%2Fv2%2Fmedia&parent=22"}],"curies":[{"name":"wp","href":"https:\/\/api.w.org\/{rel}","templated":true}]}}

<figure class="wp-block-gallery aligncenter has-nested-images columns-default wp-block-gallery-1 is-layout-flex wp-block-gallery-is-layout-flex"><div class="wp-block-image">
<figure class="aligncenter size-large"><img loading="lazy" decoding="async" width="313" height="291" data-id="262" src="https://fahrschulerink.de/wp-content/uploads/2020/03/Basti_neu.jpg" alt="" class="wp-image-262" srcset="https://fahrschulerink.de/wp-content/uploads/2020/03/Basti_neu.jpg 313w, https://fahrschulerink.de/wp-content/uploads/2020/03/Basti_neu-300x279.jpg 300w" sizes="auto, (max-width: 313px) 100vw, 313px" /></figure>
</div></figure>



<p class="has-text-align-center has-text-color has-medium-font-size" style="color:#edff21"> <strong>Sebastian &#8222;Basti&#8220; Rink</strong></p>



<p style="color:#edff21" class="has-text-color has-text-align-center">Breidenbach <br>Geschäftsinhaber<br>Fahrlehrer für: L, A, B, BE<br>Seminarleiter für ASF+FES </p><br><br>



<figure class="wp-block-gallery aligncenter has-nested-images columns-default wp-block-gallery-2 is-layout-flex wp-block-gallery-is-layout-flex"><div class="wp-block-image">
<figure class="aligncenter size-large"><img loading="lazy" decoding="async" width="313" height="291" data-id="263" src="https://fahrschulerink.de/wp-content/uploads/2020/03/Siggi_neu.jpg" alt="" class="wp-image-263" srcset="https://fahrschulerink.de/wp-content/uploads/2020/03/Siggi_neu.jpg 313w, https://fahrschulerink.de/wp-content/uploads/2020/03/Siggi_neu-300x279.jpg 300w" sizes="auto, (max-width: 313px) 100vw, 313px" /></figure>
</div></figure>



<p class="has-text-align-center has-text-color has-medium-font-size" style="color:#edff21"> <strong>Siegfried &#8222;Sigi&#8220; Rink</strong></p>



<p style="color:#edff21" class="has-text-color has-text-align-center">Bad Laasphe<br>Fahrlehrer aller Klassen<br>Seminarleiter für Berufskraftfahrerweiterbildung </p><br><br>


<div class="wp-block-image aligncenter columns-1">
<figure class="size-medium"><img loading="lazy" decoding="async" width="300" height="283" src="https://fahrschulerink.de/wp-content/uploads/2021/12/Cesi1-300x283.jpg" alt="" class="wp-image-609" srcset="https://fahrschulerink.de/wp-content/uploads/2021/12/Cesi1-300x283.jpg 300w, https://fahrschulerink.de/wp-content/uploads/2021/12/Cesi1-380x360.jpg 380w, https://fahrschulerink.de/wp-content/uploads/2021/12/Cesi1.jpg 640w" sizes="auto, (max-width: 300px) 100vw, 300px" /></figure>
</div>


<p class="has-text-align-center has-text-color has-medium-font-size" style="color:#edff21"> <strong>Cathleen &#8222;Cesi&#8220; Rink</strong></p>



<p style="color:#edff21" class="has-text-align-center">Breidenbach<br>Bürokraft </p><br><br>



<figure class="wp-block-gallery aligncenter has-nested-images columns-default wp-block-gallery-3 is-layout-flex wp-block-gallery-is-layout-flex"><div class="wp-block-image">
<figure class="aligncenter size-large"><img loading="lazy" decoding="async" width="313" height="291" data-id="224" src="https://fahrschulerink.de/wp-content/uploads/2020/03/klaus_w.jpg" alt="" class="wp-image-224" srcset="https://fahrschulerink.de/wp-content/uploads/2020/03/klaus_w.jpg 313w, https://fahrschulerink.de/wp-content/uploads/2020/03/klaus_w-300x279.jpg 300w" sizes="auto, (max-width: 313px) 100vw, 313px" /></figure>
</div></figure>



<p class="has-text-align-center has-text-color has-medium-font-size" style="color:#edff21"> <strong>Klaus Wolf</strong></p>



<div class="wp-block-group"><div class="wp-block-group__inner-container is-layout-flow wp-block-group-is-layout-flow">
<p style="color:#edff21" class="has-text-align-center">Kombach<br>Fahrlehrer aller Klassen </p><br><br>
</div></div>



<figure class="wp-block-gallery aligncenter has-nested-images columns-default wp-block-gallery-4 is-layout-flex wp-block-gallery-is-layout-flex"><div class="wp-block-image">
<figure class="aligncenter size-large"><img loading="lazy" decoding="async" width="313" height="291" data-id="230" src="https://fahrschulerink.de/wp-content/uploads/2020/03/klaus_asd.jpg" alt="" class="wp-image-230" srcset="https://fahrschulerink.de/wp-content/uploads/2020/03/klaus_asd.jpg 313w, https://fahrschulerink.de/wp-content/uploads/2020/03/klaus_asd-300x279.jpg 300w" sizes="auto, (max-width: 313px) 100vw, 313px" /></figure>
</div></figure>



<p class="has-text-align-center has-text-color has-medium-font-size" style="color:#edff21"> <strong>Klaus Ludwig</strong></p>



<p class="has-text-align-center has-text-color" style="color:#edff21">Breidenbach<br>Fahrlehrer aller Klassen </p>

<p>Sebastian &#8222;Basti&#8220; Rink Breidenbach GeschäftsinhaberFahrlehrer für: L, A, B, BESeminarleiter für ASF+FES Siegfried &#8222;Sigi&#8220; Rink Bad LaaspheFahrlehrer aller KlassenSeminarleiter für Berufskraftfahrerweiterbildung Cathleen &#8222;Cesi&#8220; Rink BreidenbachBürokraft Klaus Wolf KombachFahrlehrer aller Klassen &hellip;</p>
