{"id":364,"date":"2020-05-03T13:17:59","date_gmt":"2020-05-03T13:17:59","guid":{"rendered":"http:\/\/fahrschulerink.de\/?page_id=364"},"modified":"2021-12-18T15:48:19","modified_gmt":"2021-12-18T15:48:19","slug":"pkw","status":"publish","type":"page","link":"https:\/\/fahrschulerink.de\/?page_id=364","title":{"rendered":"PKW"},"content":{"rendered":"\n<div class=\"wp-block-image\"><figure class=\"aligncenter size-large\"><img loading=\"lazy\" decoding=\"async\" width=\"100\" height=\"52\" src=\"https:\/\/fahrschulerink.de\/wp-content\/uploads\/2020\/05\/fahrerlaubnisklasse-b.jpg\" alt=\"\" class=\"wp-image-390\"\/><figcaption><span style=\"color:#edff21\" class=\"has-inline-color\">PKW<\/span><\/figcaption><\/figure><\/div>\n\n\n\n<p><span style=\"color: #ffff00;\"><strong>Klasse B (Schaltgetriebe) &amp; BA (Automatikgetriebe)<\/strong><\/span><\/p>\n\n\n<p><span style=\"color: #ffff00;\"><strong>Kraftfahrzeuge<\/strong>&nbsp;(au\u00dfer solche der Klassen AM, A1, A2 und A)<\/span><\/p>\n<ul>\n<li><span style=\"color: #ffff00;\">mit zul\u00e4ssiger Gesamtmasse von nicht mehr als 3.500&nbsp;<abbr title=\"Kilogramm\">kg<\/abbr>&nbsp;und<\/span><\/li>\n<li><span style=\"color: #ffff00;\">gebaut und ausgelegt zur Bef\u00f6rderung von nicht mehr als acht Personen au\u00dfer dem Fahrzeugf\u00fchrer,<\/span><\/li>\n<\/ul>\n<p><span style=\"color: #ffff00;\">auch mit Anh\u00e4nger<\/span><\/p>\n<ul>\n<li><span style=\"color: #ffff00;\">mit einer zul\u00e4ssigen Gesamtmasse von nicht mehr als 750&nbsp;<abbr title=\"Kilogramm\">kg<\/abbr>&nbsp;oder<\/span><\/li>\n<li><span style=\"color: #ffff00;\">mit einer zul\u00e4ssigen Gesamtmasse \u00fcber 750&nbsp;<abbr title=\"Kilogramm\">kg<\/abbr>, sofern die zul\u00e4ssige Gesamtmasse der Kombination 3.500&nbsp;<abbr title=\"Kilogramm\">kg<\/abbr>&nbsp;nicht \u00fcbersteigt.<\/span><\/li>\n<\/ul>\n<hr>\n<p><span style=\"color: #ffff00;\"><strong>Klasse B mit Schl\u00fcsselzahl 96&nbsp;(keine eigene Fahrerlaubnisklasse)<\/strong><\/span><\/p>\n<p><span style=\"color: #ffff00;\">Zugfahrzeug der&nbsp;<strong>Klasse B<\/strong>&nbsp;in&nbsp;<strong>Kombination<\/strong>&nbsp;mit einem Anh\u00e4nger mit<\/span><\/p>\n<ul>\n<li><span style=\"color: #ffff00;\">zul\u00e4ssiger Gesamtmasse des Anh\u00e4ngers von mehr als 750&nbsp;<abbr title=\"Kilogramm\">kg<\/abbr>&nbsp;und<\/span><\/li>\n<li>\n<p><span style=\"color: #ffff00;\">zul\u00e4ssiger Gesamtmasse der Fahrzeugkombination von mehr als 3.500&nbsp;<abbr title=\"Kilogramm\">kg<\/abbr>&nbsp;und nicht mehr als 4.250&nbsp;<abbr title=\"Kilogramm\">kg<\/abbr><\/span><\/p>\n<\/li>\n<\/ul>\n<p><span style=\"color: #ffff00;\">Die Fahrerlaubnis der Klasse B berechtigt auch zum F\u00fchren von dreir\u00e4drigen Kraftfahrzeugen im Inland, im Falle eines Kraftfahrzeuges mit einer Motorleistung von mehr als 15 kW jedoch nur, soweit der Inhaber der Fahrerlaubnis mindestens 21 Jahre alt ist.<\/span><\/p>\n<hr>\n<p><strong><span style=\"color: #ffff00;\">Klasse B mit Schl\u00fcsselzahl 196 (keine eigene Fahrerlaubnisklasse)<\/span><\/strong><br><strong><span style=\"color: #ffff00;\">Fu\u00dfnote 2)<\/span><\/strong><\/p>\n<p><span style=\"color: #ffff00;\">Die Fahrerlaubnis der Klasse B berechtigt im Inland auch zum F\u00fchren von Kraftr\u00e4dern (auch mit Beiwagen) der Klasse A1<\/span><\/p>\n<hr>\n<p><span style=\"color: #ffff00;\"><strong>Klasse B mit Schl\u00fcsselzahl 197 <\/strong><\/span><\/p>\n<p><span style=\"color: #ffff00;\">Ab dem 1. April 2021 ist es m\u00f6glich, in der Fahrpr\u00fcfung einen Wagen mit Automatikschaltung zu fahren und trotzdem einen (beinahe) uneingeschr\u00e4nkten Pkw-F\u00fchrerschein der Klasse B zu erhalten.<\/span><\/p>\n\n\n<br><hr><br><div class=\"wp-block-image\"><figure class=\"aligncenter size-large\"><img loading=\"lazy\" decoding=\"async\" width=\"100\" height=\"34\" src=\"https:\/\/fahrschulerink.de\/wp-content\/uploads\/2020\/05\/fahrerlaubnisklasse-be.jpg\" alt=\"\" class=\"wp-image-391\"><figcaption><span style=\"color:#edff21\" class=\"has-inline-color\">Klasse BE<\/span><\/figcaption><\/figure><\/div>\n\n\n<p><span style=\"color: #ffff00;\">Zugfahrzeug der&nbsp;<strong>Klasse B<\/strong>&nbsp;in&nbsp;<strong>Kombination<\/strong>&nbsp;mit Anh\u00e4nger oder Sattelanh\u00e4nger mit zul\u00e4ssiger Gesamtmasse des Anh\u00e4ngers von mehr 750&nbsp;<abbr title=\"Kilogramm\">kg<\/abbr>&nbsp;und nicht mehr als 3.500&nbsp;<abbr title=\"Kilogramm\">kg<\/abbr><\/span><\/p>\n<p><\/p>\n<hr>\n<p><span style=\"color: #ffff00;\">Fu\u00dfnote 2):<\/span><br><span style=\"color: #ffff00;\">Die Zuteilung der Schl\u00fcsselzahl 196 erfolgt bei Erf\u00fcllung folgender Voraussetzungen:<\/span><\/p>\n<ul>\n<li><span style=\"color: #ffff00;\">mindestens 5 Jahre Besitz der Klasse B,<\/span><\/li>\n<li><span style=\"color: #ffff00;\">Mindestalter 25 Jahre,<\/span><\/li>\n<li>\n<p><span style=\"color: #ffff00;\">Teilnahme an einer theoretischen und praktischen Fahrerschulung im Umfang von mindestens 13,5 Zeitstunden (4 Unterrichtseinheiten zu 90 Minuten Theorie, 5 Unterrichtseinheiten zu 90 Minuten Praxis).<\/span><\/p>\n<p><span style=\"color: #ffff00;\">Der Fahrlehrer muss nach Abschluss der theoretischen und praktischen Fahrerschulung best\u00e4tigen, dass der Bewerber erfolgreich an der Fahrerschulung teilgenommen hat.<\/span><\/p>\n<\/li>\n<\/ul>","protected":false},"excerpt":{"rendered":"<p>Klasse B (Schaltgetriebe) &amp; BA (Automatikgetriebe) Kraftfahrzeuge&nbsp;(au\u00dfer solche der Klassen AM, A1, A2 und A) mit zul\u00e4ssiger Gesamtmasse von nicht mehr als 3.500&nbsp;kg&nbsp;und gebaut und ausgelegt zur Bef\u00f6rderung von nicht &hellip;<\/p>\n","protected":false},"author":1,"featured_media":0,"parent":0,"menu_order":0,"comment_status":"closed","ping_status":"closed","template":"","meta":{"footnotes":""},"class_list":["post-364","page","type-page","status-publish","hentry"],"_links":{"self":[{"href":"https:\/\/fahrschulerink.de\/index.php?rest_route=\/wp\/v2\/pages\/364","targetHints":{"allow":["GET"]}}],"collection":[{"href":"https:\/\/fahrschulerink.de\/index.php?rest_route=\/wp\/v2\/pages"}],"about":[{"href":"https:\/\/fahrschulerink.de\/index.php?rest_route=\/wp\/v2\/types\/page"}],"author":[{"embeddable":true,"href":"https:\/\/fahrschulerink.de\/index.php?rest_route=\/wp\/v2\/users\/1"}],"replies":[{"embeddable":true,"href":"https:\/\/fahrschulerink.de\/index.php?rest_route=%2Fwp%2Fv2%2Fcomments&post=364"}],"version-history":[{"count":8,"href":"https:\/\/fahrschulerink.de\/index.php?rest_route=\/wp\/v2\/pages\/364\/revisions"}],"predecessor-version":[{"id":627,"href":"https:\/\/fahrschulerink.de\/index.php?rest_route=\/wp\/v2\/pages\/364\/revisions\/627"}],"wp:attachment":[{"href":"https:\/\/fahrschulerink.de\/index.php?rest_route=%2Fwp%2Fv2%2Fmedia&parent=364"}],"curies":[{"name":"wp","href":"https:\/\/api.w.org\/{rel}","templated":true}]}}