{"id":370,"date":"2020-05-03T13:19:15","date_gmt":"2020-05-03T13:19:15","guid":{"rendered":"http:\/\/fahrschulerink.de\/?page_id=370"},"modified":"2020-05-03T15:09:14","modified_gmt":"2020-05-03T15:09:14","slug":"traktor","status":"publish","type":"page","link":"https:\/\/fahrschulerink.de\/?page_id=370","title":{"rendered":"Traktor"},"content":{"rendered":"\n<div class=\"wp-block-image\"><figure class=\"aligncenter size-large\"><img loading=\"lazy\" decoding=\"async\" width=\"100\" height=\"96\" src=\"https:\/\/fahrschulerink.de\/wp-content\/uploads\/2020\/05\/fahrerlaubnisklasse-l.jpg\" alt=\"\" class=\"wp-image-400\"\/><figcaption><span style=\"color:#edff21\" class=\"has-inline-color\">Klasse L<\/span><\/figcaption><\/figure><\/div>\n\n\n<ul>\n<li><span style=\"color: #ffff00;\"><strong>Zugmaschinen<\/strong>, die nach ihrer Bauart zur Verwendung f\u00fcr land- oder forstwirtschaftliche Zwecke bestimmt sind und f\u00fcr solche Zwecke eingesetzt werden, mit einer durch die Bauart bestimmten H\u00f6chstgeschwindigkeit von nicht mehr als 40\u00a0<abbr title=\"Kilometer pro Stunde\">km\/h<\/abbr>\u00a0und<\/span><\/li>\n<li><span style=\"color: #ffff00;\"><strong>Kombinationen<\/strong>\u00a0aus diesen Fahrzeugen und Anh\u00e4ngern, wenn sie mit einer Geschwindigkeit von nicht mehr als 25\u00a0<abbr title=\"Kilometer pro Stunde\">km\/h<\/abbr>\u00a0gef\u00fchrt werden, sowie<\/span><\/li>\n<li><span style=\"color: #ffff00;\"><strong>selbstfahrende Arbeitsmaschinen<\/strong>,\u00a0<strong>selbstfahrende Futtermischwagen, Stapler<\/strong>\u00a0und andere\u00a0<strong>Flurf\u00f6rderzeuge<\/strong>\u00a0jeweils mit einer durch die Bauart bestimmten H\u00f6chstgeschwindigkeit von nicht mehr als 25\u00a0<abbr title=\"Kilometer pro Stunde\">km\/h<\/abbr>\u00a0und<\/span><\/li>\n<li><span style=\"color: #ffff00;\"><strong>Kombinationen<\/strong>\u00a0aus diesen Fahrzeugen und Anh\u00e4ngern<\/span><\/li>\n<\/ul>\n\n\n<br><hr><br><div class=\"wp-block-image\"><figure class=\"aligncenter size-large\"><img loading=\"lazy\" decoding=\"async\" width=\"100\" height=\"83\" src=\"https:\/\/fahrschulerink.de\/wp-content\/uploads\/2020\/05\/fahrerlaubnisklasse-t.jpg\" alt=\"\" class=\"wp-image-402\"\/><figcaption><span style=\"color:#edff21\" class=\"has-inline-color\">Klasse T<\/span><\/figcaption><\/figure><\/div>\n\n\n<ul>\n<li><span style=\"color: #ffff00;\"><strong>Zugmaschinen<\/strong>\u00a0mit einer durch die Bauart bestimmten H\u00f6chstgeschwindigkeit von nicht mehr als 60\u00a0<abbr title=\"Kilometer pro Stunde\">km\/h<\/abbr>\u00a0und<\/span><\/li>\n<li><span style=\"color: #ffff00;\"><strong>selbstfahrende Arbeitsmaschinen oder selbstfahrende Futtermischwagen<\/strong>\u00a0mit einer durch die Bauart bestimmten H\u00f6chstgeschwindigkeit von nicht mehr als 40\u00a0<abbr title=\"Kilometer pro Stunde\">km\/h<\/abbr><\/span><\/li>\n<\/ul>\n<p><span style=\"color: #ffff00;\">die jeweils nach ihrer Bauart zur Verwendung f\u00fcr land- oder forstwirtschaftliche Zwecke bestimmt sind und f\u00fcr solche Zwecke eingesetzt werden (jeweils auch mit Anh\u00e4ngern)<\/span><\/p>\n<p>\u00a0<\/p>","protected":false},"excerpt":{"rendered":"<p>Zugmaschinen, die nach ihrer Bauart zur Verwendung f\u00fcr land- oder forstwirtschaftliche Zwecke bestimmt sind und f\u00fcr solche Zwecke eingesetzt werden, mit einer durch die Bauart bestimmten H\u00f6chstgeschwindigkeit von nicht mehr &hellip;<\/p>\n","protected":false},"author":1,"featured_media":0,"parent":0,"menu_order":0,"comment_status":"closed","ping_status":"closed","template":"","meta":{"footnotes":""},"class_list":["post-370","page","type-page","status-publish","hentry"],"_links":{"self":[{"href":"https:\/\/fahrschulerink.de\/index.php?rest_route=\/wp\/v2\/pages\/370","targetHints":{"allow":["GET"]}}],"collection":[{"href":"https:\/\/fahrschulerink.de\/index.php?rest_route=\/wp\/v2\/pages"}],"about":[{"href":"https:\/\/fahrschulerink.de\/index.php?rest_route=\/wp\/v2\/types\/page"}],"author":[{"embeddable":true,"href":"https:\/\/fahrschulerink.de\/index.php?rest_route=\/wp\/v2\/users\/1"}],"replies":[{"embeddable":true,"href":"https:\/\/fahrschulerink.de\/index.php?rest_route=%2Fwp%2Fv2%2Fcomments&post=370"}],"version-history":[{"count":3,"href":"https:\/\/fahrschulerink.de\/index.php?rest_route=\/wp\/v2\/pages\/370\/revisions"}],"predecessor-version":[{"id":435,"href":"https:\/\/fahrschulerink.de\/index.php?rest_route=\/wp\/v2\/pages\/370\/revisions\/435"}],"wp:attachment":[{"href":"https:\/\/fahrschulerink.de\/index.php?rest_route=%2Fwp%2Fv2%2Fmedia&parent=370"}],"curies":[{"name":"wp","href":"https:\/\/api.w.org\/{rel}","templated":true}]}}