{"id":437,"date":"2020-05-03T15:12:03","date_gmt":"2020-05-03T15:12:03","guid":{"rendered":"http:\/\/fahrschulerink.de\/?page_id=437"},"modified":"2020-05-03T15:17:23","modified_gmt":"2020-05-03T15:17:23","slug":"mofa","status":"publish","type":"page","link":"https:\/\/fahrschulerink.de\/?page_id=437","title":{"rendered":"Mofa"},"content":{"rendered":"<p><span style=\"color: #ffff00;\">F\u00fcr folgende Kraftfahrzeuge wird keine Fahrerlaubnis, sondern nur eine\u00a0<strong>Pr\u00fcfbescheinigung zum F\u00fchren von Mofas und von zwei- und dreir\u00e4drigen Kraftfahrzeugen\u00a0<\/strong>bis 25 km\/h verlangt:<\/span><\/p>\n<ul>\n<li><span style=\"color: #ffff00;\">Einspurige Fahrr\u00e4der mit Hilfsmotor bis 25 km\/h (Mofas; besondere Sitze f\u00fcr die Mitnahme von Kindern unter sieben Jahren d\u00fcrfen angebracht sein).<\/span><\/li>\n<li><span style=\"color: #ffff00;\">Unter die Klasse AM fallende zweir\u00e4drige und dreir\u00e4drige Kraftfahrzeuge, wenn ihre Bauart Gew\u00e4hr daf\u00fcr bietet, dass die H\u00f6chstgeschwindigkeit auf ebener Bahn auf h\u00f6chstens 25 km\/h beschr\u00e4nkt ist.<\/span><\/li>\n<\/ul>\n","protected":false},"excerpt":{"rendered":"<p>F\u00fcr folgende Kraftfahrzeuge wird keine Fahrerlaubnis, sondern nur eine\u00a0Pr\u00fcfbescheinigung zum F\u00fchren von Mofas und von zwei- und dreir\u00e4drigen Kraftfahrzeugen\u00a0bis 25 km\/h verlangt: Einspurige Fahrr\u00e4der mit Hilfsmotor bis 25 km\/h (Mofas; &hellip;<\/p>\n","protected":false},"author":1,"featured_media":0,"parent":0,"menu_order":0,"comment_status":"closed","ping_status":"closed","template":"","meta":{"footnotes":""},"class_list":["post-437","page","type-page","status-publish","hentry"],"_links":{"self":[{"href":"https:\/\/fahrschulerink.de\/index.php?rest_route=\/wp\/v2\/pages\/437","targetHints":{"allow":["GET"]}}],"collection":[{"href":"https:\/\/fahrschulerink.de\/index.php?rest_route=\/wp\/v2\/pages"}],"about":[{"href":"https:\/\/fahrschulerink.de\/index.php?rest_route=\/wp\/v2\/types\/page"}],"author":[{"embeddable":true,"href":"https:\/\/fahrschulerink.de\/index.php?rest_route=\/wp\/v2\/users\/1"}],"replies":[{"embeddable":true,"href":"https:\/\/fahrschulerink.de\/index.php?rest_route=%2Fwp%2Fv2%2Fcomments&post=437"}],"version-history":[{"count":2,"href":"https:\/\/fahrschulerink.de\/index.php?rest_route=\/wp\/v2\/pages\/437\/revisions"}],"predecessor-version":[{"id":442,"href":"https:\/\/fahrschulerink.de\/index.php?rest_route=\/wp\/v2\/pages\/437\/revisions\/442"}],"wp:attachment":[{"href":"https:\/\/fahrschulerink.de\/index.php?rest_route=%2Fwp%2Fv2%2Fmedia&parent=437"}],"curies":[{"name":"wp","href":"https:\/\/api.w.org\/{rel}","templated":true}]}}