{"id":447,"date":"2020-05-03T15:21:29","date_gmt":"2020-05-03T15:21:29","guid":{"rendered":"http:\/\/fahrschulerink.de\/?page_id=447"},"modified":"2020-05-16T14:28:10","modified_gmt":"2020-05-16T14:28:10","slug":"nachschulung-asf","status":"publish","type":"page","link":"https:\/\/fahrschulerink.de\/?page_id=447","title":{"rendered":"Nachschulung \/ ASF"},"content":{"rendered":"\n<h3><span style=\"color:#edff21\" class=\"has-inline-color\">ASF &#8211; Aufbauseminar f\u00fcr Fahranf\u00e4nger<\/span><\/h3><br>\n\n\n\n<p><\/p>\n\n\n\n<p><span style=\"color:#edff21\" class=\"has-inline-color\">Das Aufbauseminar f\u00fcr Fahranf\u00e4nger (ASF), auch Nachschulung oder ASF-Kurs genannt, ist eine vom Stra\u00dfenverkehrsamt angeordnete Ma\u00dfnahme innerhalb der F\u00fchrerschein-Probezeit.Das Aufbauseminar wird von uns in einer Gruppe von mindestens sechs, h\u00f6chstens zw\u00f6lf Teilnehmern durchgef\u00fchrt und besteht aus vier Sitzungen von jeweils 135 Minuten Dauer und einer Beobachtungsfahrt zwischen der ersten und der zweiten Sitzung, welche mindestens 30 Minuten dauert und mit jeweils bis zu drei Teilnehmern stattfindet.Im Rahmen des Aufbauseminars werden unter anderem Eure Verst\u00f6\u00dfe besprochen und Wege zur zuk\u00fcnftigen Vermeidung gesucht.Mit Abschluss des Seminars erh\u00e4lst Du eine Teilnahmebescheinigung, die bei der entsprechenden Beh\u00f6rde (SVA) eingereicht werden muss.<\/span><\/p>\n\n\n\n<p><span style=\"color:#edff21\" class=\"has-inline-color\">In der Regel werden unsere Termine so geplant, dass diese innerhalb von 14 Tagen abgelegt werden k\u00f6nnen.<\/span><\/p>\n\n\n\n<p><strong><em><span style=\"color:#edff21\" class=\"has-inline-color\">Jetzt zu Dir!<\/span><\/em><\/strong><\/p>\n\n\n\n<p><br><span style=\"color:#edff21\" class=\"has-inline-color\">W\u00e4hrend Deiner Probezeit ist was schief gelaufen, Du bist auff\u00e4llig geworden?<br><br>Irgendwann kam dann der gef\u00fcrchtete Brief von der F\u00fchrerscheinbeh\u00f6rde. Die Anordnung eines Aufbauseminars.<br><br>Unsere Seminarleiter gehen sehr professionell mit der Situation um und helfen Dir vor allem dabei mit dem Verkehrsrecht nicht mehr in Konflikt zu kommen.<\/span><br><br><span style=\"color:#edff21\" class=\"has-inline-color\"><strong>Konsequenz:<\/strong><br>Die Probezeit verl\u00e4ngert sich von 2 auf 4 Jahren.<br><br><strong>Ziele des Seminars:<\/strong><\/span><\/p>\n\n\n\n<ul><li><span style=\"color:#edff21\" class=\"has-inline-color\">Ergr\u00fcnden von Ursachen f\u00fcr Regelverst\u00f6\u00dfe und Unfallursachen.<\/span><\/li><li><span style=\"color:#edff21\" class=\"has-inline-color\">Den eigenen Fahrstil analysieren lernen.<\/span><\/li><li><span style=\"color:#edff21\" class=\"has-inline-color\">Welche Rolle spielen Gewohnheiten und Wertebewusstsein?<\/span><\/li><li><span style=\"color:#edff21\" class=\"has-inline-color\">Welche Faktoren beeinflussen die Entwicklung des eigenen Fahrstils?<\/span><\/li><li><span style=\"color:#edff21\" class=\"has-inline-color\">Die F\u00e4higkeit entwickeln Erlebtes zu analysieren.<\/span><\/li><\/ul><br>\n\n\n\n<p><span style=\"color:#edff21\" class=\"has-inline-color\"><strong>Ablauf:<\/strong><br>4 Gruppensitzungen a 135 Minuten<br>1 Fahrprobe 30 Minuten<\/span><\/p>\n\n\n\n<p><\/p>\n","protected":false},"excerpt":{"rendered":"<p>ASF &#8211; Aufbauseminar f\u00fcr Fahranf\u00e4nger Das Aufbauseminar f\u00fcr Fahranf\u00e4nger (ASF), auch Nachschulung oder ASF-Kurs genannt, ist eine vom Stra\u00dfenverkehrsamt angeordnete Ma\u00dfnahme innerhalb der F\u00fchrerschein-Probezeit.Das Aufbauseminar wird von uns in einer &hellip;<\/p>\n","protected":false},"author":1,"featured_media":0,"parent":0,"menu_order":0,"comment_status":"closed","ping_status":"closed","template":"","meta":{"footnotes":""},"class_list":["post-447","page","type-page","status-publish","hentry"],"_links":{"self":[{"href":"https:\/\/fahrschulerink.de\/index.php?rest_route=\/wp\/v2\/pages\/447","targetHints":{"allow":["GET"]}}],"collection":[{"href":"https:\/\/fahrschulerink.de\/index.php?rest_route=\/wp\/v2\/pages"}],"about":[{"href":"https:\/\/fahrschulerink.de\/index.php?rest_route=\/wp\/v2\/types\/page"}],"author":[{"embeddable":true,"href":"https:\/\/fahrschulerink.de\/index.php?rest_route=\/wp\/v2\/users\/1"}],"replies":[{"embeddable":true,"href":"https:\/\/fahrschulerink.de\/index.php?rest_route=%2Fwp%2Fv2%2Fcomments&post=447"}],"version-history":[{"count":8,"href":"https:\/\/fahrschulerink.de\/index.php?rest_route=\/wp\/v2\/pages\/447\/revisions"}],"predecessor-version":[{"id":496,"href":"https:\/\/fahrschulerink.de\/index.php?rest_route=\/wp\/v2\/pages\/447\/revisions\/496"}],"wp:attachment":[{"href":"https:\/\/fahrschulerink.de\/index.php?rest_route=%2Fwp%2Fv2%2Fmedia&parent=447"}],"curies":[{"name":"wp","href":"https:\/\/api.w.org\/{rel}","templated":true}]}}

<h3><span style="color:#edff21" class="has-inline-color">ASF &#8211; Aufbauseminar für Fahranfänger</span></h3><br>



<p></p>



<p><span style="color:#edff21" class="has-inline-color">Das Aufbauseminar für Fahranfänger (ASF), auch Nachschulung oder ASF-Kurs genannt, ist eine vom Straßenverkehrsamt angeordnete Maßnahme innerhalb der Führerschein-Probezeit.Das Aufbauseminar wird von uns in einer Gruppe von mindestens sechs, höchstens zwölf Teilnehmern durchgeführt und besteht aus vier Sitzungen von jeweils 135 Minuten Dauer und einer Beobachtungsfahrt zwischen der ersten und der zweiten Sitzung, welche mindestens 30 Minuten dauert und mit jeweils bis zu drei Teilnehmern stattfindet.Im Rahmen des Aufbauseminars werden unter anderem Eure Verstöße besprochen und Wege zur zukünftigen Vermeidung gesucht.Mit Abschluss des Seminars erhälst Du eine Teilnahmebescheinigung, die bei der entsprechenden Behörde (SVA) eingereicht werden muss.</span></p>



<p><span style="color:#edff21" class="has-inline-color">In der Regel werden unsere Termine so geplant, dass diese innerhalb von 14 Tagen abgelegt werden können.</span></p>



<p><strong><em><span style="color:#edff21" class="has-inline-color">Jetzt zu Dir!</span></em></strong></p>



<p><br><span style="color:#edff21" class="has-inline-color">Während Deiner Probezeit ist was schief gelaufen, Du bist auffällig geworden?<br><br>Irgendwann kam dann der gefürchtete Brief von der Führerscheinbehörde. Die Anordnung eines Aufbauseminars.<br><br>Unsere Seminarleiter gehen sehr professionell mit der Situation um und helfen Dir vor allem dabei mit dem Verkehrsrecht nicht mehr in Konflikt zu kommen.</span><br><br><span style="color:#edff21" class="has-inline-color"><strong>Konsequenz:</strong><br>Die Probezeit verlängert sich von 2 auf 4 Jahren.<br><br><strong>Ziele des Seminars:</strong></span></p>



<ul><li><span style="color:#edff21" class="has-inline-color">Ergründen von Ursachen für Regelverstöße und Unfallursachen.</span></li><li><span style="color:#edff21" class="has-inline-color">Den eigenen Fahrstil analysieren lernen.</span></li><li><span style="color:#edff21" class="has-inline-color">Welche Rolle spielen Gewohnheiten und Wertebewusstsein?</span></li><li><span style="color:#edff21" class="has-inline-color">Welche Faktoren beeinflussen die Entwicklung des eigenen Fahrstils?</span></li><li><span style="color:#edff21" class="has-inline-color">Die Fähigkeit entwickeln Erlebtes zu analysieren.</span></li></ul><br>



<p><span style="color:#edff21" class="has-inline-color"><strong>Ablauf:</strong><br>4 Gruppensitzungen a 135 Minuten<br>1 Fahrprobe 30 Minuten</span></p>



<p></p>

<p>ASF &#8211; Aufbauseminar für Fahranfänger Das Aufbauseminar für Fahranfänger (ASF), auch Nachschulung oder ASF-Kurs genannt, ist eine vom Straßenverkehrsamt angeordnete Maßnahme innerhalb der Führerschein-Probezeit.Das Aufbauseminar wird von uns in einer &hellip;</p>
